 + 19 - (0 - 7) - (115 - 51)?
-65
What is (9 - ((-14 - -42) + -42)) + 30?
53
(12 + 0 + -15 - (0 - 11)) + 4
12
What is 29 - 44 - 20 - (-109 + 0)?
74
Evaluate (-3 - -4 - 0 - (1 + -6)) + 271 + -294.
-17
Evaluate (-9 - -28 - 18) + (-73 - -102).
30
What is 7 + (38 - (18 - -19))?
8
Calculate (9 - -11) + (2 + -6 - ((-5 - -3) + 5)).
13
Evaluate -4 + -5 + 2 - (-38 + 29 + -30).
32
What is the value of -44 - (-27 + 33 + 8 + -21)?
-37
What is 14 + (9 - (-7 - (27 - 13)) - 16)?
28
Calculate (22 - 43) + (2 + 9 - -5).
-5
Calculate 15 + (-9 - -3 - 7 - 2) + 67.
67
What is 31 - -1 - (143 - 97)?
-14
What is (31 - -2) + -751 + 750 - 5?
27
What is the value of -1 + 2 + -12 + (8 - 10 - -63 - 20)?
30
What is (-32 - (59 - 16 - 44)) + -23?
-54
Calculate 15 + 24 + -25 + -7 + -2 - -50.
55
What is 22 + (-4 - (-5 + 9 - -1))?
13
What is ((-2 - 2) + 3 - 1) + 58 + -42 + -78?
-64
What is the value of 14 - 26 - (-62 - -7)?
43
Calculate 3 + 17 - (13 + 11 + -31).
27
Evaluate (88 - -20) + -22 + -137.
-51
What is (1 - -8) + -7 + -7 + (28 - 1)?
22
What is -95 + (-11 - -4) + 4 - (175 + -107 - 81)?
-85
Calculate ((-1 - 1) + 3 - -84) + (120 - -7) + -120.
92
What is the value of 8 + -1 + 2 + (-52 + 71 - (-1 + 1))?
28
-35 - (-10 - 26) - (-1 + 0 + 0 + 21)
-19
What is the value of (1 - (-6 + 13 + -8) - 26) + (-48 - -42)?
-30
Calculate (75 - (130 - 72)) + 36.
53
Evaluate 35 + (-45 - -27) + -52 + (-9 - 2).
-46
What is the value of 0 + 2 + -20 + 704 + -712 - 4?
-30
1 + -3 + (-2656 - -2608) + -71 + 0
-121
What is the value of (-12 - (9 - 8)) + 13 + (-48 - -34)?
-14
What is -29 + (22 - 23) + 32 - (1 + 47)?
-46
What is 3 + 1 - -5 - (552 + -464)?
-79
What is the value of 20 + -7 + (9 + (-50 - 2) - 15)?
-45
-2 - (21 + (1 - 7) - ((5 - 1) + -9))
-22
Evaluate 37 + -18 + -113 - (-17 + -4).
-73
(3 - (-25 + -14 + 17)) + (51 - 25)
51
424 + -367 - (40 - 0)
17
Evaluate -1 + (-56 - -55) + -4 + -53.
-59
Calculate 5 - 15 - (-22 + 4 + -9 - (4 + -2)).
19
What is -76 + -10 + (72 - 37 - 18)?
-69
What is -55 + (62 - 33 - 1)?
-27
Calculate ((-12 - 21) + 20 - -51) + -12.
26
(13 - 43) + 14 + (-12 - (28 - 7))
-49
Evaluate (-61 - -34) + 33 - 83.
-77
Evaluate (31 - (23 + -10 - -11)) + 0 + -9.
-2
What is 23 - (-98 + (-45 - -65))?
101
What is the value of (-7 - -3) + 2 + (-5 - (-1 - 16)) - 3?
7
What is the value of 3 + (3 - 1) - -58 - (47 - 34)?
50
Evaluate -878 + 939 + (-6 - -1 - 2) - 5.
49
Evaluate 31 - (7 + 0 + -1 + (0 - 35) + 29).
31
(-4 - (1 + 0)) + (-19916 - -19915)
-6
-51 + 83 + -40 - -40
32
(-1 - -28) + 4 + (28 - 34) + (5 - -2)
32
What is 66 - (-10 - (-50 + 2 + 20))?
48
-129 + 22 - (245 - 427)
75
What is the value of -8 - ((1 - -1) + (-1 - (-21 + 9) - 10))?
-11
Calculate 12 - (-6 + 3 + -13 + 0 - -7).
21
What is the value of ((21 - -2) + -1 - 0) + (-77 - 86 - -170)?
29
Calculate (12 - -12 - (19 - 3) - 8) + 1.
1
Evaluate (9 - 2) + (-290 - -281) - (39 + 1).
-42
Calculate -4 - (-391 - -293 - (3 - (-1 + 3 + 17))).
78
What is the value of -44 + (-3 - 2) - (-6 - 1)?
-42
Evaluate -9 - ((226 - 232) + (1 - -44)).
-48
What is the value of -3 + (3 - -1) + 44 + -4 + -4?
37
What is the value of -19 + -98 + 101 - ((0 - 1) + 14)?
-29
85 + (2 - (31 + 17))
39
Evaluate (11 - (4 - -8)) + 19 + -8 + 0 + -52.
-42
979 + -1018 + (-40 - 0)
-79
What is -2 + -45 + -19 - (-8 + -1) - (-1 - 6)?
-50
What is the value of -15 + (-31 - -60) - 95?
-81
Calculate (-18 - 22) + 7 - (-33 + -76) - (4 + 1).
71
What is 24 + (27 - 50) + -7 + -1 + 2?
-5
Calculate 86 - (-4 + (-15 - (14 - (16 - -7))) + 1).
95
What is the value of -64 - (9 + -11 - 3) - (-8 + 7)?
-58
Evaluate 89 + (-141 - (7 + -93)).
34
What is -41 - (-46 - (0 + -47))?
-42
What is 4 - (35 + 3 + -31 - (0 - -9) - 37)?
43
Evaluate (-14 - -50 - 120) + 2 + (-1 - 1).
-84
58 + (-73 - -6) + 77
68
What is -126 + -16 + 33 + -23 + 33?
-99
Evaluate -1 + (-10 - -20) + -16 + (5 - (-16 - 29)).
43
Calculate (-15 - -34) + -5 + 44 + (-10 - -12).
60
Calculate -794 + 801 - (-6 + 1).
12
Calculate 145 + (-99 - (38 - -15)).
-7
Evaluate 57 + 32 + -72 - 51.
-34
What is (-22 - (13 - 27)) + 7 + (0 - (-6 - -15))?
-10
Calculate 6 - ((-1 - 12) + 20) - (1 - (49 + 2)).
49
What is 387 + -427 - (-20 - -1) - -3?
-18
What is the value of 17 + -1 + 15 + -35 + 3 + -85?
-86
-28 - -1 - -18 - (14 + -1 + (-8 - -7))
-21
Calculate 2 - 63 - (-433 + 448 + (-1 - 14)).
-61
Evaluate 7 + -63 - (7 + (-11 - (-6 - (-1 + 4)))).
-61
What is -9 + -13 + 24 - (42 - 4)?
-36
What is -6 + 23 + 3839 + -3895?
-39
What is the value of (-4 - 42) + (-407 - -440)?
-13
What is the value of (20 - 10) + (24 - -7 - 35) + (-3 - -73)?
76
-31 + 9 + (10 + -12 - 17) + 6
-35
What is the value of (46 + 21 - 54) + (-5 - 5)?
3
-6 - 3 - 2 - (1 + -3) - (6 + 3)
-18
What is 259 + (191 - 431) - (72 - 1)?
-52
What is -57 + (51 - -14 - 29)?
-21
-1 - (27 + 1) - (14678 + -14611)
-96
What is ((-8 - -14) + -12 + 46 - -7) + (9 - 3)?
53
Evaluate -5 - (-4 - (40 + -4 + -13) - (-3 + -13)).
6
Calculate 45 - (-75 + 62 + 0).
58
What is the value of -38 - (-88 + 24 + 15)?
11
Evaluate (-25 + 102 - ((0 - 3) + 8)) + (5 - 6).
71
What is the value of 3 + (2 - (2 + -1)) - (97 + 97 + -205)?
15
Calculate 17 - ((-11 - -7) + 41).
-20
What is -2 + (-7 - (40 - 72))?
23
What is -10 + (0 + 2 + (-11 - (1 - 5)) - -33)?
18
What is the value of 0 - 1 - (-15 + 9 - (-4 + -7))?
-6
(54 - 138) + -108 - -81
-111
What is (10 - (4 + (-2 - -4 - 4))) + -35?
-27
(108 - (13 - 47) - 7) + -36
99
What is the value of (4 - -2) + -8 - (-90 + 6 + 6 - -8)?
68
Evaluate 0 + (33 - ((35 - 40) + 17)).
21
-3 + -3 + (-5 - -34) + -10 + 19
32
What is the value of -33 - ((-2 - 24) + 7)?
-14
What is the value of 22 + -120 + 117 + -53 + 0?
-34
What is -5 + (-54 + -11 - ((13 - 6) + -12))?
-65
Evaluate (-1 - -6 - -4) + -108 + 150 + -58.
-7
Calculate 1 + (60 - (52 + 5) - (-96 - 1)).
101
1 + 9 + 3 - (163 - 80 - 70)
0
What is -171 + 228 + (7 - (5 - -32))?
27
Calculate -75 + 6 - (-473 - -450).
-46
What is (-4 - -8) + -141 + (-12 - (25 + -60))?
-114
Calculate 23 - 23 - (-25 - -61).
-36
Calculate 32 - (21 + -54 + 92).
-27
What is the value of -88 + (158 - 85) + 44?
29
Evaluate -4 + (8 - (39 + -52) - -98).
115
-94 + (3 - (-17 + 10 + 20 - 13))
-91
What is the value of (-18 - 131) + 78 + 41?
-30
What is 1493 + -1498 - (7 - (0 + 1 + 1)) - 17?
-27
Evaluate (2 - 4 - 4) + (2273 - 2261).
6
What is (-2 - -5 - 7 - -10) + 13 + -37 + 17?
-1
Evaluate (-8 - (-8 - -15 - 19 - 58)) + -4.
58
What is the value of 29 + (15 - 27) + -37?
-20
(0 + (23 - 15) + 18 - (-5 - -5)) + 10
36
What is the value of (-11 - 10) + (60 - 53) - 52?
-66
Evaluate (-22 - 51) + (-38 - -170).
59
Evaluate -111 + 197 - (69 - -15).
2
What is 2964 - 3019 - (2 + -4 - 5)?
-48
What is 4 - (11 + -4 + -1 + (29 - 38))?
7
What is the value of (-23 - -36) + -8 + -12?
-7
0 - -3 - (-98 + (200 - 109))
10
Evaluate (143 - -51) + 0 - 75.
119
What is -11 + (0 - -9) - (36 - 53)?
15
What is ((-41 - -2) + 10 - 4) + 23 + -11?
-21
What is 211 - 140 - 56 - (-2 - -3 - -34)?
-20
Calculate -37 + (15 + 7 + -15 - (-13 + 3)).
-20
What is -32 - (-100 + -24 + (4 - -21))?
67
What is (-3 - (-98 - 4)) + -24 + -22?
53
What is -37 + 74 + (-126 - -37)?
-52
What is 0 + -35 - (-132 - (-123 + 16)) - (0 - -33)?
-43
Calculate -1 + 18 - (-728 + 819).
-74
Calculate 15 - (11 - 11) - (7 + -5 + 85 - 7).
-65
Evaluate (39 + -10 - 7) + -33 + (1 - 1 - 3).
-14
Evaluate 10 + (21 - 159) + (1 - -7) - (-5 + -2).
-113
Evaluate 1 - 13 - (-45 + -24 - -14).
43
What is (-27 - 1) + (69 - 22) + -62?
-43
Calculate 56 + (0 + (-2 - 1) + 4 - (246 - 246)).
57
What is -127 - -118 - (114 - 37)?
-86
Calculate (6 - (0 + -1)) + (194 + -152 - (1 - -21)).
27
What is 3 + (15 - 12) + -3 + -64 + -8?
-69
What is -5 + 5 + -25 + (4 - 5)?
-26
Evaluate -5 + (5 - -57) + -17.
40
Calculate (-10 - -10) + 18 - (84 - 33).
-33
Calculate (36 - 0) + (622 - 613) - -8 - 9.
44
Calculate 2503 + -2578 - (-120 + 0).
45
Calculate -37 + (37 - 8) - -15 - (1 + -30 + 1).
35
-72 - ((5 - 5) + 37 + -40)
-69
What is the value of 158 + -50 + (89 - 15 - 41)?
141
Evaluate -8 + -25 + (657 - 685).
-61
-88 - ((-41 - -18) + 20 + 4)
-89
(-34 - -41 - (9 + -3 - -4)) + 19
16
What is 68 + (63 - 140) + (32 - 1)?
22
What is the value of -19 - (3 + -7) - -28 - 0?
13
What is -17 - (25 + (0 - 24)) - 24?
-42
What is 16 - (-43 - (14 - 11 - 23))?
39
Evaluate -68 - -108 - (63 + 58).
-81
What is 7 - -3 - (8 + 2 - (-26